7
Let o(y) = y + 0*y + 11 - 15 + 6. Let i = 0 + -3. Give o(i).
-1
Let b(c) = -3*c + 1. Let q(t) = -t**2 - 5*t - 5. Let y be q(-2). Let z(k) = -30*k - y + 7 + 3. Let x(o) = 21*b(o) - 2*z(o). What is x(3)?
-6
Let c(p) = 49 - 12*p + p**3 - 11 + 10*p**2 - 28. What is c(-11)?
21
Let q(c) = c - 1. Suppose 3*x + 10 = 5*u - 15, -13 = 3*x + u. Suppose -6 - 14 = 4*i. Let j = x - i. Determine q(j).
-1
Let m(x) = 3*x. Let g(c) = -2*c - 30. Let l(b) = -g(b) - 6*m(b). Calculate l(2).
-2
Let w(y) = 5 - 121*y + 250*y - 130*y. Calculate w(0).
5
Let r be ((-4)/14 - (-14)/49)/(-1). Suppose -9*g + 16 + 2 = r. Let z(d) = 0*d**2 + 2 - d + 0*d**2 - d**2. Calculate z(g).
-4
Let g(l) = -l**3 + 5*l**2 - 2*l. Let w(b) = -3*b - 5. Let z be w(-3). Let n be g(z). Let j(f) = -f**2 + 10*f - 2. Determine j(n).
14
Let l(y) be the third derivative of -y**6/120 - y**4/24 + y**3/2 - 2*y**2. Let k be (8/(-28))/((-2)/14). Suppose 6*n - k*n = 0. Calculate l(n).
3
Let a(s) = s**2 - 4*s - 2. Suppose 6 - 34 = -4*w. Suppose -w*q = -23 - 5. Determine a(q).
-2
Suppose 13*y = -8*y - 105. Let h(x) = 5*x**2 - 9*x + x**3 + 5 + 9*x. Determine h(y).
5
Let s be 1/(-2) - (-38)/4. Let l(u) = 0*u + 0*u + s*u - 4 - 8*u. Determine l(-7).
-11
Let v(h) = 3*h**3 - 2*h**2 - 3*h + 7. Let x(m) = m**3 - 2*m + 4. Let q(g) = 2*v(g) - 5*x(g). Calculate q(3).
-3
Let c(o) be the second derivative of -o**4/6 + o**2/2 - o. Let h = 88 - 72. Let n be 15/6 - 8/h. Calculate c(n).
-7
Let r be 30/(-9)*(-162)/15. Suppose -r + 6 = 5*t. Let m(c) = -9 - c + 1 + 2 + 0*c. Calculate m(t).
0
Let i(a) = -a**3 + 3*a**2 + 5*a - 10. Let d(j) = j**3 - 2*j**2 - 4*j + 9. Let g(q) = 2*d(q) + 3*i(q). Give g(6).
-6
Let i be (0 + 1)/(1/(-11)). Let b = 237 - 227. Let g = b + i. Let z(t) = -3*t - 1. Give z(g).
2
Let i be 4/(-6)*3/(-1). Let c = 4 - i. Let y(u) = 0 + c - 3 + u. Determine y(5).
4
Let m(o) = o**3 - 7*o**2 + 6*o - 3. Suppose 77 + 7 = 14*y. Give m(y).
-3
Let s = -130 + 125. Suppose z - 6 = -2*d + 1, 3*z = -9. Let h(a) = -17*a - 4 + d + 18*a. Calculate h(s).
-4
Let r = -21 + 14. Let y be (-22)/4*(5 + r). Let i(a) = 10*a - y*a + 2*a - 4. Calculate i(-4).
-8
Let m = -51 - -54. Suppose 2*n + 12 = g, -16 = g + m*g. Let i(b) = -b**2 - 8*b + 10. Determine i(n).
10
Let o(h) be the second derivative of -h**5/20 + 5*h**4/6 - 7*h**3/6 + 17*h**2/2 - 261*h. What is o(9)?
35
Let u(z) = -z**3 + 5*z**2 + 4*z + 7. Suppose 0 = 4*r - 0*r - 16. Suppose -r = -b - b. Suppose b*j + 3 = 15. Determine u(j).
-5
Let t(o) = o**3 + 8*o**2 + 8*o + 10. Suppose 2*c - 1 = c. Let b be 5 - (2/2)/c. Suppose -s - b = 3. Calculate t(s).
3
Let l(q) = -q - 8. Let t(m) = m + 10. Let w(g) = 5*l(g) + 4*t(g). Let h = 3 - -1. Calculate w(h).
-4
Let m(n) = 8*n**3 + n. Suppose -16*j + 70 + 10 = 0. Suppose z + j*d = -2*z + 13, -4*d = 4*z - 12. Calculate m(z).
9
Let g = -19 + 21. Let n(u) = 11*u**2 + u**3 + 9*u**g - 1 - 24*u**2 - 4*u. Determine n(5).
4
Let o(s) = -s**3 + 19*s**2 - s + 22. Let a be o(19). Let f(h) = -17 + 19 - 14*h**a + 15*h**3 + 3*h**2. What is f(-2)?
6
Let a(c) = -3*c + 4. Let u(q) = 116*q - 468. Let w be u(4). What is a(w)?
16
Let r(b) = 599 - 4*b - 300 - 300. Determine r(-7).
27
Let k be (-2)/(-6)*4 + 35/(-15). Let g be (-6 - k)*(-1 - (-77)/35). Let s(q) be the first derivative of -q**3/3 - 2*q**2 + q + 2. Determine s(g).
-11
Let l(w) = w + 11. Let a = 24 + -19. Suppose 0 = -4*h + 2*k + 6, -5*k + 2 = -a*h + 7. Suppose u - h*b = -4, u - 2*u - 4*b + 8 = 0. Give l(u).
11
Let l(x) be the second derivative of -14*x + 0 + 2*x**2 - 1/3*x**3 - 1/6*x**4. Determine l(-3).
-8
Let k(u) be the first derivative of -2*u - 10 - 13*u**2 + 14*u**2 - 2*u - u. What is k(6)?
7
Let u(s) = -s + 1. Let t(d) = d**3 - 2*d**2 - 18*d + 22. Let l be t(5). Give u(l).
-6
Let w(d) be the second derivative of -4*d**2 - 1/6*d**3 - 6*d + 3. Give w(0).
-8
Let v(h) = h + 3. Suppose -4*s = i - 21, 4*i - 3*s - 2*s = 63. Suppose 3 + i = 5*f. Give v(f).
7
Let i(h) = -3*h**2 + 10*h + 4*h**2 + 208 - 212. Let w = -13 - -4. Determine i(w).
-13
Let n(o) = 68*o - 25*o - 20*o - 1 - 24*o. Suppose y + 4 = 3*y. What is n(y)?
-3
Let g(z) = -z**3 - z**2 + 1. Let n(b) be the first derivative of b**4/4 + b**2/2 + 2*b + 56. Let h be n(-1). Calculate g(h).
1
Let m(r) be the first derivative of -r**2 - 3*r + 1. Let w(h) = 12*h + 81. Let c be w(-7). Give m(c).
3
Suppose 0 = 3*t - 5*w - 17, -t - w = 4*w + 1. Let c(d) = -d**2 + 4*d - 1. Let v be c(t). Let l(y) = 2*y**3 - y**2 - 2*y - 1. Calculate l(v).
-2
Suppose -2*y - 3 = -13. Let n(s) = s**2 - 2*s - 4. Give n(y).
11
Suppose 26 = 5*d + 6, m - 23 = -5*d. Suppose -4 = -2*o + 6*o, 0 = -4*u + 3*o + 11. Let a(f) = -f**2 + 4*f + 2 + f**u - 2*f**2 + f**2. Calculate a(m).
5
Let z(s) = -15*s**3 - 2*s**2 - 2*s - 1. Let g be -5 + 10 - (1 - (-2)/1). Suppose -g*o - 2*a - 2 = 2*o, -4*o - 7 = -3*a. Calculate z(o).
14
Let s(b) = b**3 - 30*b**2 + 33*b - 6. Let d be s(29). Let f = d + -106. Let y(w) = -w + 2*w - 3*w - 5. Give y(f).
-13
Let s(c) be the first derivative of c**2/2 + 2*c - 3. Let g(q) = -q**3 + 6*q**2 - 8*q - 2. Let u be g(4). Calculate s(u).
0
Let z(m) be the third derivative of m**6/120 + m**5/12 + m**4/6 + m**3/3 + 8*m**2 - 2*m. Calculate z(-5).
-18
Suppose 7 - 27 = 5*t - 5*f, 5*f = -3*t - 52. Let u be 5/(-2) - -2 - t/(-2). Let p(n) = 2*n - 6. What is p(u)?
-16
Let n(o) = 29*o + 46. Let x(i) = -72*i - 92. Let j(k) = -5*n(k) - 2*x(k). Give j(0).
-46
Suppose 4*k = -3*k + 42. Let p(y) = -1 - 103*y**3 + k*y**2 + 104*y**3 + 2*y - 2. Calculate p(-6).
-15
Let w(f) be the third derivative of 0*f + 1/24*f**4 + 0 + f**3 - 11*f**2. Calculate w(0).
6
Let y(n) be the third derivative of -n**8/20160 + n**7/1008 - n**6/90 + 19*n**5/60 + 4*n**2 + 1. Let v(x) be the third derivative of y(x). Determine v(6).
-14
Suppose -2 + 0 = 3*c - 4*m, 0 = -3*c - 5*m - 11. Let k(r) = 42*r**3 + 7*r - r**2 - 5*r - 45*r**3. Calculate k(c).
16
Let y(l) = 5*l - 5. Let f(k) = 2*k - 2. Let u(w) = 14*f(w) - 6*y(w). Calculate u(2).
-2
Let q be 219/27 + 2*11/(-198). Let b(f) = 2*f**2 - 13*f - 18. Determine b(q).
6
Suppose 15*s = 10*s - 30. Let h(j) = j**2 + 10*j + 20. What is h(s)?
-4
Let z(w) = -w**2 - 10*w + 5. Let h be z(-10). Let y be -2 + 5/(h/2). Let f(i) = i**3 + i. What is f(y)?
0
Let t(j) be the third derivative of -j**4/24 + 113*j**2. Suppose -18 = 5*w + 12. Determine t(w).
6
Let b(v) be the third derivative of v**5/60 + 5*v**4/24 - 14*v**3/3 + 636*v**2. Give b(-9).
8
Suppose 4*r + 5*v - 7 = 3*r, 0 = -4*r + v + 7. Let g(s) = 0*s - 2465*s**2 - 1 + 2464*s**2 + 0*s + s. Calculate g(r).
-3
Let d(c) = -15*c + 1 - 3*c**2 + 4*c**2 + 8*c. Let t(v) = v + 7. Let p be t(0). Calculate d(p).
1
Let r(m) be the first derivative of -m**2/2 - 6*m + 9. Determine r(9).
-15
Let a(z) = 7*z - 2 + 1 + 8 + z**2. Let y = 2400 + -2405. Determine a(y).
-3
Suppose 3*z + 7 = 10. Let r(o) = 33*o - 26*o + z - 17*o. Calculate r(-1).
11
Suppose -4*r = 3*s + 2, -r + 8 = r. Let b(l) = l**2 + 3*l + 7. Determine b(s).
25
Let g(b) = 13*b**3 + 3*b**2 - 5*b - 6. Let d(n) = 16*n**3 + 3*n**2 - 6*n - 7. Let r(u) = -5*d(u) + 6*g(u). Let p be (1*-1 - 2) + 1. What is r(p)?
27
Suppose 0 = 4*h + 4*u + u + 12, h + 5*u = -3. Let a be 1/2*-3*(-140)/42. Let d(g) = -9 + 2 + a - g. Give d(h).
1
Let t(g) = g**3 - 7*g**2 + 2*g - 9. Let h = -1 + 8. Determine t(h).
5
Let r(a) = -a**3 + 9*a**2 - 9*a + 11. Let l = 22 + -12. Let c = 18 - l. Let u be r(c). Let w(x) = 2*x**2 - 4*x. Calculate w(u).
6
Let a(u) = -u**2 - 3*u - 4. Suppose 3*y = y + 10. Suppose -2*t = y*t + 21. Determine a(t).
-4
Suppose 0 = -2*i + i + 2*f - 4, 5*f = 0. Let k = i - 0. Let w(t) = -t**3 - 4*t**2 - 4. Calculate w(k).
-4
Let w(b) = 6*b - 55. Let y(d) = -3*d + 29. Let p(f) = -2*w(f) - 5*y(f). What is p(11)?
-2
Let z(h) = -2*h**2 - 2*h. Suppose 0 = -2*m + m + 4, 0 = -3*x + m - 148. Let s = 46 + x. Calculate z(s).
-4
Let l(x) be the third derivative of 2/3*x**3 + 1/24*x**4 + 0*x + 20*x**2 + 0. Calculate l(-6).
-2
Let z(k) = -8*k**2 + 44*k - 49. Let y(s) = 15*s**2 - 87*s + 96. Let i(g) = 6*y(g) + 11*z(g). What is i(18)?
1
Let i(m) = -11*m**3 + 21*m**2 - 23*m + 16. Let o(q) = 5*q**3 - 10*q**2 + 10*q - 8. Let g(k) = 4*i(k) + 9*o(k). Calculate g(6).
-20
Suppose -3*q - 7 = -5*v + 17, -3*v - 2*q + 22 = 0. Let d(u) = -u - u + v*u + 0*u - 1. Calculate d(3).
11
Let i(w) be the third derivativ